 8*n + 4 + 0*n - 4*n**2 - 109*n**3 + 66*n**3 + 42*n**3. Let y = 43 + -26. Let c be (y - 2)*2/(-6). Give w(c).
-11
Let u(b) = b**3 + 3*b**2 - 3*b + 1. Let p(a) = 7*a**3 - 14*a**2 + 3*a - 17. Let l(d) = p(d) + 5*u(d). What is l(-1)?
-11
Suppose -183*a - 51 = -301*a + 67. Let v(r) = 36*r + 6. What is v(a)?
42
Let q = 16 + -10. Suppose q = 4*k - 2*y - 22, 4*k - 3*y - 32 = 0. Let t(i) = -8*i + 50. Let h(d) = 3*d - 19. Let n(l) = 11*h(l) + 4*t(l). Determine n(k).
-4
Let c(o) = -o**2 - 8*o**2 - 6 - o**3 + 11*o + 0 - 19*o. Let h(b) = b**2 - 8*b + 14. Let k be h(7). Let u = -1 - k. Give c(u).
-6
Suppose -122*x = -127*x - 75. Let t be -2 + 12/5 + 156/x. Let w(p) = -p**3 - 9*p**2 + 7*p - 14. Calculate w(t).
16
Let r(x) = 1. Let b(i) = i - 11. Let v(s) = -b(s) + 2*r(s). Let t = 408 + -342. Suppose -15*m = -54 - t. What is v(m)?
5
Let y(w) = -13*w + 1. Let m(r) = -1 + 6*r**3 - 1 + 3 - 5*r**2 + r**2 + 2*r. Let u be m(1). Suppose 5*f + 0 + u = 0. What is y(f)?
14
Let o(a) be the first derivative of a**2/2 - 17*a + 197503. Let p = 10 + -4. Calculate o(p).
-11
Let a(j) be the second derivative of -j**3/6 + 5*j**2/2 + 284*j. Let i(p) = -5*p + 18. Let o(r) = -6*a(r) + i(r). What is o(12)?
0
Let o(k) be the second derivative of -k**8/6720 - k**7/252 + k**6/360 + 3*k**5/40 + 4*k**4 + 99*k. Let a(j) be the third derivative of o(j). Calculate a(-10).
-11
Let i(l) = l**2 + 5*l - 8. Let b be i(-6). Let o(k) = 2 - 63086*k + 63084*k + 0 - 4. Calculate o(b).
2
Suppose -4 = -n, 9*n - 32 = -4*r + 12*n. Let v(w) = -w**2 + 6*w + 4. Calculate v(r).
-51
Suppose 0*i - 3*m - 131 = 4*i, -5*m + 155 = -5*i. Let u = -23 - i. Let f(l) = l**3 - 13 - 10*l**2 - 96*l + 1 + 106*l. Give f(u).
-3
Let p(x) be the first derivative of -x**4/4 - x**3 + 13*x**2/2 + 11*x + 6660. Calculate p(-5).
-4
Suppose -11 = -16*l + 5. Let w(g) = -l - g - 4*g**2 - 10*g**2 - 5*g**2. Calculate w(-1).
-19
Suppose 250*j - 101 = 246*j - 5*f, -115 = -5*j - 4*f. Let c(u) = u**3 - 20*u**2 + 12*u + 22. Calculate c(j).
-111
Let p be 3/(-7) - 8/((-560)/30). Let s(n) = -4*n**3 - 3*n**2 + 3*n + 29. Let q(l) = 5*l**3 + 4*l**2 - 4*l - 28. Let t(a) = -3*q(a) - 4*s(a). Determine t(p).
-32
Let c = -39 + 41. Let l = c + 2. Let o(n) = -5*n**3 + 17*n**2 + 3*n + 1. Let a(x) = -3*x**3 + 9*x**2 + x. Let r(m) = l*o(m) - 7*a(m). What is r(-3)?
7
Let f(m) = -2*m**2 + 80*m - 67. Let a = -14157 - -14196. What is f(a)?
11
Let p = 1248 - 1248. Let l(y) be the second derivative of y**5/20 - y**3/6 + 13*y**2/2 + 7*y. Give l(p).
13
Suppose -4*r - 40 = -2*u, -50*r + 52*r = -3*u - 52. Let m(v) = v + 4. Determine m(r).
-10
Let u(n) = -4*n - 382*n**2 + 8 - 4*n + 383*n**2. Suppose 36 = 5*t - i, 4*t + 44*i = 49*i + 12. Calculate u(t).
8
Let a(u) be the first derivative of u**4/4 + 5*u**3 + 6*u**2 + 6*u + 273. Calculate a(-14).
34
Let g(k) = 181*k + 5071. Let d be g(-28). Let q(y) be the second derivative of -1/20*y**5 + 0 - 24*y - 1/6*y**d + 0*y**2 - 1/4*y**4. What is q(-1)?
-1
Let g(m) = 19*m - 1. Suppose -29*w = -36*w. Let q be (-18)/9 - (-1 - w)*1. Give g(q).
-20
Let d(g) = 2*g**2 + 38*g - 7. Let a(f) = 2*f**2 + 45*f - 10. Let c(x) = 5*a(x) - 6*d(x). Give c(4).
-52
Let p(f) = -21*f**3 - 208*f**2 + 63*f - 32. Let o(s) = -4*s**3 - 41*s**2 + 13*s - 6. Let y(t) = 11*o(t) - 2*p(t). What is y(-18)?
16
Let c(l) = 2*l**3 - 2*l**2 - l - 9. Let b(p) = -83*p + 1826. Let q be b(22). Calculate c(q).
-9
Let l(b) = b**2 - b. Suppose 0 = 19*h - 23*h + 32. Let f be 370/(-296) - (-34)/h*1. Calculate l(f).
6
Let r(f) be the second derivative of -f**5/20 - 13*f**4/12 - f**3/6 + 5*f**2/2 - 1807*f. What is r(-13)?
18
Let m be 28 + -19 - 5/(2 - 1). Let f(u) = -3*u**2 + u**3 + u - 2*u + 3*u - 6*u + 4. Give f(m).
4
Let m(y) = -y**2 + 3. Let k(s) = -s**2 + 4. Let r(p) = 4*k(p) - 5*m(p). Let f = -86 - -97. Suppose 15*i - f = -56. Give r(i).
10
Let q = -17 - -25. Let a(m) = 10 + 0*m + q + m. Let v be 8/((-792)/(-55)) + (-385)/693. Calculate a(v).
18
Let a(k) = -k**2 - 6272*k - 3 + 6269*k + k**3 + 4*k**2. Let d(r) = -r**3 - 4*r**2 - 2. Let w be d(-4). Calculate a(w).
7
Let u(o) = -2*o + 9. Let i be u(3). Let r(f) = f**i + 0*f**3 - 5*f - 13 - f**2 + 11. Determine r(4).
26
Let o be (1160/58)/((-3)/(-9)*3 + 3). Let i(d) = d**2 - d + 1. Let q(y) = 4*y**2 + 4*y + 1. Let m(k) = -5*i(k) + q(k). Calculate m(o).
16
Let t = 591 - 593. Let n(q) = -2*q + 0 - 4*q**2 + 33*q**3 + 2 - 39*q**3. Give n(t).
38
Let b(o) = -o**2 + 5*o + 3. Let m be 144/(-90)*130/4. Let g = 57 + m. Calculate b(g).
3
Let h be (8/(-14))/((-76)/(-1862)). Let g(q) = 2*q + 18. Calculate g(h).
-10
Let j(w) = 5*w + 8. Let x(i) = -17 - i - 15 + 4*i + 37. Let m(z) = 5*j(z) - 8*x(z). What is m(3)?
3
Suppose 50*g - 5 = 45*g. Let c be (-13)/(-2) - (-1)/(-2). Let v(k) = -c*k - 2*k - 3*k. What is v(g)?
-11
Let c(z) = -7*z + 27784*z**3 - 27791*z**3 - z**2 + 2*z. Let d be 1/(-3)*5*-3. Let f(a) = 6*a**3 + 5*a - 1. Let t(u) = d*c(u) + 6*f(u). Calculate t(4).
-2
Let f(t) = 0*t + 6*t - 2*t + 2 - 4. Let j be (-5 - -4) + (756/882)/((-6)/28). Determine f(j).
-22
Let d be (-2 + 0/(-2) - -9) + 117/9. Let u(y) = -y**2 + 34*y - 280. Determine u(d).
0
Let p(x) be the second derivative of x**4/12 - 13*x**3/6 + 41*x**2/2 - 3201*x. What is p(9)?
5
Suppose -170*p + 1500 + 2580 = 0. Let l(x) = 2*x**2 - 49*x + 9. Determine l(p).
-15
Let s(d) = d + 9*d - 14*d - 1 + 6*d - d. Let m(i) = 2*i**2 + 3*i - 2. Let h be m(-3). What is s(h)?
6
Let m(b) = 8*b**3 - 3*b + 3. Suppose u - p = 0, -u + 0*p = 2*p - 3. Calculate m(u).
8
Let f(z) = -z**3 - 8248*z**2 + 2*z**3 - 2 + 8220*z**2 + 52*z. Calculate f(26).
-2
Let u(a) be the first derivative of a**3/3 + 17*a**2/2 - 31*a - 2386. Give u(-19).
7
Let m(p) = -p**3 + 15*p**2 - 14*p - 8. Suppose 5*s - 3 - 67 = 0. Give m(s).
-8
Let g(l) = -2*l**2 - 141*l - 572. Let n be g(-4). Let x(k) = k**2 + 41*k + 36. Calculate x(n).
-4
Let t(u) be the first derivative of -u**2 + 27*u + 1062. Determine t(-10).
47
Let k(j) = -j + 8. Let f be k(9). Let p be ((-10)/5 - -3) + f. Suppose p = 3*h + 2*d - 6, 2 = -2*d - 4. Let l(u) = -u**2 + 2*u + 3. What is l(h)?
-5
Let h(b) = 17 + 4*b**2 + 16 - 22 - 5*b - 6*b**2 + 23*b. Determine h(10).
-9
Let i(r) = r**2 - 657*r - 3322. Let u be i(-5). Let o(g) = g**3 + 11*g**2 - 3*g + 1. Calculate o(u).
-107
Let v(t) = t**2 + 4*t + 6. Suppose 2*q + 1 = 2*j + 3, 25 = -5*j. Let h be v(q). Suppose 0*i - 6*i = -h. Let p(s) = s**3 + 2*s - 1. Determine p(i).
2
Suppose -2*i + 11 = j, -3*i - 2*i + 25 = 0. Let l(q) = 1 + 218*q**2 + 163*q**2 - 2*q - 370*q**2. Calculate l(j).
10
Let h = -1769 + 1771. Let d(i) = 26*i**2 - 3. What is d(h)?
101
Let u = 6964 - 6939. Let l(f) = -4*f + 113. What is l(u)?
13
Let y = 17 + -13. Suppose 0 = y*h - 2*d + 17 - 1, -3*d + 4 = -2*h. Let p(j) = 0 - 3 - 3*j + 0. What is p(h)?
12
Suppose -45 = -5*s + 2*f, -5*s + f - 2*f = -45. Let c(b) = 6*b**2 - 2599*b - 7 + 2600*b - b**3 + s. What is c(6)?
8
Let u(x) = -x. Let f be u(5). Let d(p) = 11*p**3 - 12*p**2 - 2*p + 6. Let s(h) = 14*h**3 - 14*h**2 - 3*h + 7. Let g(k) = 5*d(k) - 4*s(k). Give g(f).
17
Let t(w) = 79*w + 2 - 15 - 77*w + w**2 - 9. What is t(-4)?
-14
Let v(n) = -3*n + 1. Let i(a) = 2*a**2 - 6*a - 7. Let s be i(-3). Let j = -21 + s. Suppose -4*f - j = -0. Calculate v(f).
7
Let d(b) = -b**3 - 2*b**2 + 3*b + 1. Let g be d(-4). Let w = g - 15. Let j(a) = -522506*a + 4 + 3*a**2 + 0 + a**3 - 8*a**2 + 522500*a. Calculate j(w).
4
Let t(l) = l**2 + 8*l. Let j = -33 + 37. Suppose 5*p = j*p + 2. Suppose 2*c + z + p = -3*z, -3*c + 4*z - 33 = 0. Give t(c).
-7
Let s(f) = f**3 - 3*f**2 - 6*f + 6. Let j(p) = -p. Let q(x) = x - 1. Let c(t) = -2*j(t) - q(t). Suppose -3*d = d, -4*d = -3*i + 9. Let v be c(i). Give s(v).
-2
Let u be (-14 - -7)/((-10)/30). Let x(c) = 45*c + 0 - 3 - 22*c - u*c. Suppose m + 3*m + 12 = 0. Give x(m).
-9
Let v(g) be the second derivative of -g**5/60 - g**3/2 + 11*g**2/2 - 4*g + 3. Let q(l) be the second derivative of v(l). What is q(-2)?
4
Suppose 0 = q + 4*h - 97, 4*q + 2*h - 255 = 119. Let s = -97 + q. Let j(m) = -m**2 - 4*m - 5. Calculate j(s).
-5
Let g(i) = 7*i**2 + 4*i + 3. Let r be (2 - (-45)/(-6))*(-4 - 0). Suppose -2*c + 9*s = 5*s + 24, -c + 4*s = r. Determine g(c).
23
Let r be 1 + 1 + (-7)/(-3 - 66/(-36)). Let l(v) be the second derivative of -v + 0 - 1/12*v**4 + 3/2*v**3 - 1/2*v**2. Calculate l(r).
7
S